base 8) to base 2
1
What is -1 (base 12) in base 2?
-1
What is -93 (base 15) in base 7?
-255
What is -1 (base 8) in base 4?
-1
What is 61 (base 8) in base 11?
45
Convert -4 (base 7) to base 16.
-4
What is 13 (base 7) in base 6?
14
Convert 1e (base 15) to base 8.
35
What is -36 (base 7) in base 13?
-21
Convert -2 (base 10) to base 4.
-2
12 (base 16) to base 13
15
What is 2e (base 15) in base 13?
35
Convert -12 (base 3) to base 9.
-5
Convert 3 (base 16) to base 6.
3
Convert 311 (base 4) to base 13.
41
What is 4 (base 15) in base 16?
4
Convert 0 (base 8) to base 13.
0
What is 12 (base 12) in base 11?
13
-1d (base 14) to base 13
-21
Convert 210 (base 4) to base 11.
33
Convert -1 (base 4) to base 11.
-1
Convert 102 (base 4) to base 11.
17
Convert -12 (base 6) to base 3.
-22
Convert -28 (base 16) to base 11.
-37
Convert 37 (base 8) to base 15.
21
Convert 51 (base 12) to base 11.
56
Convert -6 (base 13) to base 15.
-6
550 (base 8) to base 6
1400
What is 11 (base 2) in base 7?
3
What is 10221 (base 3) in base 12?
8a
Convert 1 (base 10) to base 8.
1
Convert -21 (base 5) to base 10.
-11
What is 100001 (base 2) in base 12?
29
What is 32 (base 12) in base 15?
28
3 (base 15) to base 10
3
Convert 4 (base 14) to base 9.
4
What is -1101 (base 4) in base 16?
-51
Convert -4 (base 5) to base 10.
-4
What is -a (base 15) in base 2?
-1010
What is -183 (base 11) in base 9?
-255
Convert 1 (base 6) to base 14.
1
What is -605 (base 7) in base 15?
-14e
Convert -2 (base 10) to base 11.
-2
What is 7 (base 10) in base 5?
12
-1 (base 2) to base 8
-1
-1 (base 4) to base 3
-1
What is -3 (base 6) in base 8?
-3
Convert -123 (base 4) to base 14.
-1d
-2 (base 14) to base 6
-2
What is 1 (base 10) in base 9?
1
141 (base 10) to base 9
166
What is -2 (base 11) in base 6?
-2
Convert 1 (base 13) to base 6.
1
Convert 10 (base 7) to base 16.
7
What is -42 (base 5) in base 12?
-1a
-66 (base 15) to base 12
-80
What is 32 (base 8) in base 2?
11010
What is 9 (base 10) in base 15?
9
Convert 165 (base 12) to base 8.
335
-421 (base 8) to base 4
-10101
What is 31 (base 4) in base 10?
13
What is 7 (base 16) in base 7?
10
-2 (base 13) to base 9
-2
Convert 1 (base 15) to base 12.
1
Convert -5f (base 16) to base 14.
-6b
What is 1 (base 2) in base 3?
1
14 (base 12) to base 9
17
5 (base 10) to base 4
11
-1 (base 15) to base 11
-1
What is -1403 (base 5) in base 8?
-344
What is -103 (base 4) in base 16?
-13
3 (base 12) to base 9
3
1 (base 10) to base 5
1
What is -3123 (base 4) in base 8?
-333
33 (base 4) to base 5
30
Convert 3 (base 12) to base 8.
3
What is 21 (base 8) in base 5?
32
164 (base 7) to base 6
235
Convert 44 (base 9) to base 2.
101000
25 (base 6) to base 14
13
What is 15 (base 15) in base 4?
110
Convert -1 (base 7) to base 9.
-1
-19 (base 14) to base 8
-27
-8 (base 11) to base 4
-20
2321 (base 4) to base 8
271
Convert 1101010 (base 2) to base 16.
6a
Convert -5 (base 16) to base 11.
-5
157 (base 13) to base 8
361
-110101 (base 2) to base 8
-65
Convert dd (base 16) to base 15.
eb
Convert -21 (base 4) to base 8.
-11
What is 2 (base 6) in base 12?
2
Convert 10 (base 2) to base 12.
2
Convert -145 (base 12) to base 7.
-401
-9d (base 15) to base 7
-301
10 (base 3) to base 12
3
What is -11101110 (base 2) in base 8?
-356
What is -37 (base 16) in base 13?
-43
Convert 11 (base 13) to base 2.
1110
5 (base 12) to base 8
5
What is -42 (base 6) in base 15?
-1b
6 (base 16) to base 15
6
What is -108 (base 14) in base 13?
-129
-83 (base 10) to base 6
-215
6c (base 14) to base 2
1100000
What is 11 (base 2) in base 16?
3
40 (base 5) to base 7
26
What is 2b (base 16) in base 15?
2d
Convert -11011010 (base 2) to base 14.
-118
Convert 111 (base 6) to base 16.
2b
38 (base 13) to base 14
35
Convert -1 (base 4) to base 5.
-1
-1 (base 8) to base 4
-1
-1 (base 9) to base 8
-1
What is 5 (base 8) in base 9?
5
-13 (base 6) to base 5
-14
What is 5 (base 16) in base 6?
5
-9 (base 14) to base 12
-9
-42 (base 9) to base 6
-102
What is 10000 (base 2) in base 8?
20
What is 6 (base 16) in base 11?
6
Convert -33 (base 4) to base 6.
-23
What is -102 (base 3) in base 16?
-b
What is -3 (base 11) in base 14?
-3
What is -91 (base 12) in base 2?
-1101101
-1 (base 12) to base 8
-1
3 (base 4) to base 11
3
-3 (base 10) to base 8
-3
-1000000 (base 2) to base 11
-59
19 (base 14) to base 6
35
What is a9 (base 11) in base 5?
434
Convert -1302 (base 4) to base 2.
-1110010
-3 (base 5) to base 3
-10
76 (base 11) to base 7
146
Convert -11211 (base 3) to base 12.
-aa
Convert 110101 (base 2) to base 6.
125
What is 25 (base 16) in base 5?
122
2 (base 16) to base 5
2
What is 122 (base 7) in base 6?
145
What is 56 (base 7) in base 13?
32
-2 (base 13) to base 3
-2
What is 12 (base 7) in base 11?
9
What is -67 (base 13) in base 5?
-320
What is 10 (base 3) in base 2?
11
Convert -5 (base 10) to base 8.
-5
What is -53 (base 8) in base 6?
-111
Convert 313 (base 5) to base 12.
6b
What is -11 (base 2) in base 5?
-3
Convert -30 (base 8) to base 16.
-18
What is 1e (base 16) in base 3?
1010
Convert 24 (base 6) to base 9.
17
Convert 10 (base 4) to base 2.
100
2 (base 11) to base 4
2
12 (base 3) to base 2
101
What is 15 (base 8) in base 10?
13
Convert 0 (base 14) to base 12.
0
1b (base 12) to base 4
113
Convert 8 (base 9) to base 14.
8
-12 (base 3) to base 4
-11
-e2 (base 15) to base 12
-158
Convert 1 (base 9) to base 11.
1
Convert 96 (base 13) to base 4.
1323
Convert -4 (base 9) to base 7.
-4
What is 2 (base 11) in base 7?
2
0 (base 2) to base 15
0
What is 1d (base 16) in base 12?
25
Convert -222 (base 3) to base 11.
-24
What is -72 (base 10) in base 9?
-80
-1022 (base 3) to base 14
-27
-c (base 13) to base 5
-22
What is -3 (base 6) in base 3?
-10
100 (base 2) to base 12
4
-30 (base 10) to base 7
-42
Convert -2b (base 13) to base 5.
-122
45 (base 16) to base 12
59
What is -112 (base 3) in base 5?
-24
Convert 0 (base 2) to base 16.
0
What is 1 (base 9) in base 8?
1
What is -325 (base 9) in base 3?
-100212
-117 (base 10) to base 12
-99
Convert 10001 (base 2) to base 5.
32
Convert 3 (base 9) to base 5.
3
Convert 105 (base 9) to base 3.
10012
Convert 11100 (base 2) to base 9.
31
24 (base 10) to base 14
1a
-5 (base 9) to base 12
-5
Convert 10 (base 6) to base 10.
6
What is 0 (base 10) in base 9?
0
-3 (base 11) to base 5
-3
210 (base 5) to base 9
61
Convert -32 (base 6) to base 13.
-17
What is 20 (base 3) in base 8?
6
1113 (base 5) to base 15
a8
What is 11 (base 8) in base 13?
9
Convert -141 (base 5) to base 13.
-37
What is 1101 (base 2) in base 4?
31
What is -2 (base 8) in base 4?
-2
What is -34 (base 7) in base 8?
-31
Convert -3 (base 14) to base 9.
-3
Convert -3 (base 12) to base 16.
-3
281 (base 9) to base 16
eb
Convert 11 (base 3) to base 4.
10
Convert -c (base 16) to base 5.
-22
Convert 20 (base 16) to base 5.
112
Convert -1 (base 15) to base 9.
-1
-100 (base 3) to base 13
-9
Convert 0 (base 13) to base 11.
0
What is -6b (base 16) in base 5?
-412
10 (base 3) to base 15
3
Convert 4 (base 15) to base 9.
4
Convert -62 (base 12) to base 7.
-134
What is -10 (base 2) in base 3?
-2
-7 (base 12) to base 10
-7
Convert 79 (base 12) to base 5.
333
What is -100 (base 2) in base 14?
-4
-10001 (base 2) to base 13
-14
What is -18 (base 9) in base 16?
-11
What is -3 (base 13) in base 4?
-3
Convert 1003 (base 5) to base 7.
242
What is -14 (base 6) in base 4?
-22
What is -9 (base 11) in base 9?
-10
What is 0 (base 8) in base 6?
0
Convert 3 (base 7) to base 11.
3
Convert -2111 (base 4) to base 15.
-9e
12 (base 3) to base 10
5
Convert -18 (base 13) to base 4.
-111
-120 (base 3) to base 13
-12
What is 5 (base 12) in base 16?
5
2 (base 14) to base 8
2
Convert -2 (base 12) to base 7.
-2
Convert 0 (base 9) to base 11.
0
27 (base 15) to base 10
37
Convert 5 (base 12) to base 11.
5
-2 (base 12) to base 6
-2
Convert 11101 (base 2) to base 10.
29
What is -102 (base 3) in base 9?
-12
Convert 1100010 (base 2) to base 16.
62
-2 (base 14) to base 7
-2
-3 (base 14) to base 5
-3
What is 0 (base 4) in base 7?
0
Convert -110010 (base 2) to base 11.
-46
What is 4 (base 5) in base 16?
4
-6 (base 12) to base 9
-6
What is -4 (base 11) in base 5?
-4
What is 3 (base 16) in base 5?
3
What is -1 (base 16) in base 6?
-1
Convert 1 (base 9) to base 4.
1
What is 1212 (base 4) in base 9?
123
52 (base 16) t